16, -f*k + 10 = -q. What are the prime factors of 68*(k - 1) - 3?
5, 13
Suppose 4*x = -26*g + 22*g + 736, 194 = g + 3*x. What are the prime factors of g?
179
List the prime factors of 1315*24/((-2280)/(-3667)).
193, 263
Let o(h) = 840*h**3 + 6*h**2 - 18*h + 2. List the prime factors of o(2).
2, 5, 11, 61
Let r(d) = -5*d**2 - d - 3. Let x be r(-5). Let k = 242 + -4. Let j = x + k. List the prime factors of j.
5, 23
Let u(q) = q**2 + 16*q + 26. Let i be u(-15). Let v be (-15)/30 + i/2 + -2. Suppose v*z - 4*z + 68 = 0. What are the prime factors of z?
2, 17
Suppose 13754 = 19*r - 10509. Let t = -758 + r. List the prime factors of t.
3, 173
Let o(x) = x**3 - 15*x**2 + 15*x - 15. Let z be o(14). Let a be 666/4*2/3 + z. List the prime factors of ((-34)/85)/((-2)/a).
2, 11
Let q(v) = v**3 - 21*v**2 + 9*v + 4. Let f be q(10). Let s = f + 1644. List the prime factors of s.
2, 11, 29
Suppose -3*m + 5*l = -14331, 0 = 3*m + 4*l - 1818 - 12486. List the prime factors of m.
2, 1193
Let q = 10683 + -1347. List the prime factors of q.
2, 3, 389
Let h be (137/(-3))/(1 - 8/6). Suppose h*m = 139*m - 1250. List the prime factors of m.
5
Suppose -3*x + 68 = a - 8*x, -5*a + 4*x + 235 = 0. Suppose -a*r + 5957 = -36*r. List the prime factors of r.
23, 37
Let c = -557 - -280. Let v = c + 415. What are the prime factors of v?
2, 3, 23
Let v(z) = 18*z**3 - 2*z**2 + 10*z + 1. Let q be v(-4). Let g = q - -1878. What are the prime factors of g?
5, 131
List the prime factors of 1 - ((-78372)/((-54)/(-6)) + 7).
2, 19, 229
Let k(g) = g**3 + 31*g**2 - 81*g - 61. Let j be k(-33). Let q = j - 416. What are the prime factors of q?
2, 3
Suppose 23*i + 23671 = -12*i + 96331. List the prime factors of i.
2, 3, 173
Let i(n) = 9 + 6*n - 5 + 19. Suppose -31 = -12*z + 65. What are the prime factors of i(z)?
71
Let p = 68767 - 18691. List the prime factors of p.
2, 3, 13, 107
Let c(d) = -14*d - 3*d - d**2 - 12 - 4*d + 2*d. List the prime factors of c(-15).
2, 3
Let u(n) = -2*n**2 - 17*n - 16. Let g be u(-7). Suppose 7*q - 282 = g*q. Let y = q + -62. What are the prime factors of y?
79
Suppose -4*i - 2945*o + 46432 = -2943*o, -5*i - o = -58040. List the prime factors of i.
2, 1451
List the prime factors of 96662/10*(42 - 71 - -34).
17, 2843
Suppose 0*b = -56*b + 13*b + 128957. What are the prime factors of b?
2999
Suppose -10 = -2*d + 6*o - 10*o, 4 = -o. Suppose 1341 = d*a - 661. List the prime factors of a.
2, 7, 11
Let c(n) = -22*n**2 - 3*n - 10. Let j be c(5). Let m = 942 + j. List the prime factors of m.
367
Let h(s) = -s**2 + 7*s + 15. Let b be h(10). Let o = b - -19. List the prime factors of 186*2*1/o.
3, 31
What are the prime factors of (-2655)/295 + (8341 - -1)?
13, 641
Let d(o) = -1311*o + 727. What are the prime factors of d(-7)?
2, 619
Let q = 74 + -76. Let g be (-3563)/(-49) - (-2)/(-14)*q. Suppose -4*m + 5*m + a = g, 0 = 5*m - 5*a - 375. List the prime factors of m.
2, 37
Let g = 593 + -325. Let a = 7617 - 7492. Let r = g - a. What are the prime factors of r?
11, 13
Let m(c) = -c**3 - 6*c**2 + 50*c + 36. Let b be m(-14). Let w = -461 + b. What are the prime factors of w?
443
Let r = -661 + 1080. Let n = r + 103. What are the prime factors of n?
2, 3, 29
What are the prime factors of (-9)/(-4) + -3 - (-9)/((-36)/(-86827))?
2, 10853
Let m = -115 + 109. What are the prime factors of 3 - ((-1531)/5 + m/(-30))?
3, 103
Let c be 9*2*(-2)/4. Suppose 0 = 2*o - 2*m - 104, -3*o + 2*o - 3*m = -56. What are the prime factors of (c - -6) + o + 2?
2, 13
Suppose -69468 = -2*w + 4*r, 130363 = 6*w - r - 78019. What are the prime factors of w?
2, 5, 23, 151
Let x(g) be the first derivative of -28*g - 17 + 6*g**2 + 1/3*g**3. What are the prime factors of x(-15)?
17
Let b(c) = -4*c**2 - 8*c. Let n(z) = -5*z**2 - 9*z + 1. Let l(u) = 4*b(u) - 3*n(u). Let r be l(-3). Suppose -r*p + 6*p = 261. What are the prime factors of p?
3, 29
Let x(r) = r**3 - 3*r**2 - 38*r - 18. Suppose q = -5, 0 = -0*n + n + q - 5. What are the prime factors of x(n)?
2, 151
Let q(h) = 5*h**3 - 11*h**2 + 6*h + 15. Let d(o) = 17*o**3 - 33*o**2 + 19*o + 44. Let j(b) = 2*d(b) - 7*q(b). List the prime factors of j(5).
113
Suppose -3*r = -4*t - 0*r - 10, t = -2*r - 8. Let b(a) = -a**3 - 4*a**2 - 4*a - 17. Let d be b(t). Let k = d - -31. What are the prime factors of k?
2, 3, 5
List the prime factors of (5909/(-4) + (-189)/(-252))/(2/(-12)).
3, 2953
Let a(t) = -8*t - 7. Let d(x) = -4*x - 3. Let n(m) = 4*a(m) - 7*d(m). Let v be (-4)/12*63/3. What are the prime factors of n(v)?
3, 7
Let c(f) = -4*f - 28. Let o be c(-10). Let x(d) = d**2 - 9*d - 4. Let r be x(o). Let m = r - 6. What are the prime factors of m?
2, 13
Let h = -9 - -10. Let r(g) = -h + 13*g**2 + 3 + g**3 - 18*g - 10. List the prime factors of r(-14).
2, 3
Suppose 12*s - 84293 + 1457 = 0. List the prime factors of s.
3, 13, 59
Let c = 2489 - -1506. List the prime factors of c.
5, 17, 47
Suppose 12*b - 725619 + 146619 = 0. List the prime factors of b.
2, 5, 193
Let y(c) = 4143*c + 1889. List the prime factors of y(2).
5, 11, 37
Let u(q) = 64*q. Suppose 0 = -5*i + 4*o + 11, o - 2 = -1. Suppose 2 - i = -g. What are the prime factors of u(g)?
2
Let u = -18 - -21. Suppose u*s - 7 = 2. Suppose -v + 28 = 2*k - k, s*k - v - 92 = 0. List the prime factors of k.
2, 3, 5
Suppose -4*v + 828 = -b, 0 = 5*v - 2*b - 466 - 566. Let h = v - 144. What are the prime factors of h?
2
Let p be 4 - (-4 + (-1 - -1)). Suppose -5*v = 10*j - p*j - 2340, v = -4*j + 450. What are the prime factors of v?
2, 5, 47
List the prime factors of (-54)/21 + 2 - 8*6639/(-42).
2, 79
Let k = -7 + 3. Let d(z) = -20 + 11 + 8 - 5*z + 3 + 2*z**2. List the prime factors of d(k).
2, 3
Let a(c) = c**3 + 7*c**2 - 2*c + 8. Let q be a(5). Suppose -5*f - 953 = -4*u, 3*f + 570 = -4*u + 7*u. Let v = q + f. What are the prime factors of v?
3, 5, 7
Suppose -4*j = 4*m, -6*j = -j - 3*m - 24. Suppose j*f + 15 = 0, 4*i - 265 = -4*f + 975. What are the prime factors of i?
3, 5, 7
Suppose -4*c + 3*a = a + 4, a + 4 = -c. Let u be (-80)/(-2)*(-31)/(c + 3). List the prime factors of (9/4)/(8665/u + 7).
2, 3, 31
Suppose l - 13 = 4. Let r(h) = -h**3 - 19*h**2 + 20*h - 185. Let q be r(-21). Suppose q = 4*m + l. What are the prime factors of m?
5, 13
Suppose 2*j - 16 = d, 5*d - 17 = -j + 13. What are the prime factors of (j/(-7) - (-96)/224)*-704?
2, 11
Let z(x) = 34*x - 30 - 10*x - 19*x. Let y(w) = -2*w + 10. Let h(r) = -8*y(r) - 3*z(r). What are the prime factors of h(10)?
2, 5
Suppose -2*g + 20*p = 25*p - 7019, 5*p = g - 3562. What are the prime factors of g?
3527
Let r = 921 + -932. List the prime factors of -3 - (-1689 + (r - -8)).
3, 563
Let a be ((-2)/(12/(-9)))/(6/(-444)). Let c = a + 60. List the prime factors of (-2 - -8)*c/(-6).
3, 17
Let v be 84/24*(-8)/(-14). Suppose -v*s + 12 = 5*p, -4*p + 4 = -s - 3. Suppose 2*y - 2*z - 202 = 0, y + p*z = -y + 210. List the prime factors of y.
103
Suppose -130*z - 94*z = -73*z - 918835. List the prime factors of z.
5, 1217
Suppose 310322 + 1500790 = 52*j + 40*j. List the prime factors of j.
2, 3, 17, 193
Suppose 60 = -12*w + 16*w - 4*u, -w + 4*u = -30. What are the prime factors of ((-708)/w)/((-6)/15)?
3, 59
Let g(i) = i**2 + 16*i + 17. Let y be g(-15). Suppose y*s = -9*u + 4*u, 2*s + 36 = 4*u. List the prime factors of 5/s - (-758)/4.
3, 7
Suppose 40 = 15*f - 7*f. Let t be (-1 - -4)/((f/(-5))/(-1)). What are the prime factors of 49/t + 2/(-3 + -3)?
2
Let i(t) = -t**3 - 12*t**2 + 11*t - 18. Let y be i(-15). Let b(k) = -3*k**2 - 13*k + 13. Let w be b(8). Let f = w + y. What are the prime factors of f?
11, 19
Let q(m) = m**2 + 3*m + 216. Let z(i) = -i**2 - 18*i + 14. Let u be z(-24). Let c = -130 - u. What are the prime factors of q(c)?
2, 3
Let x be 0 + 4 + -1 + (-343616)/(-112). Suppose -4*j + x = -481. List the prime factors of j.
2, 3, 37
List the prime factors of (4/(-3))/(804/(-3716289)).
6163
Suppose n - 33162 + 105453 = 3*z, -z = -2*n - 24102. List the prime factors of z.
2, 3, 251
Suppose 60*j - 38302 = 25*j + 72298. What are the prime factors of j?
2, 5, 79
Let j(a) = 155*a**2 - 12*a + 385. What are the prime factors of j(-15)?
2, 5, 443
Let z(k) = 3*k**2 + 15*k + 14. Let y be z(-7). Let r = 50 - y. What are the prime factors of ((-7)/1 - r) + (129 - -1)?
3, 43
Let v(c) = -c**3 